?
False
Is 11359 a composite number?
True
Is 34321 a prime number?
False
Is 398969 prime?
True
Is 181693 a prime number?
True
Is 3793343 composite?
True
Is 1543 a composite number?
False
Is 394529 a prime number?
True
Is 2933 prime?
False
Is 587 prime?
True
Is 1538057 a composite number?
False
Is 202339 prime?
True
Is 19697 a prime number?
True
Is 11789 composite?
False
Is 22469 a composite number?
False
Is 22433 composite?
False
Is 135777 composite?
True
Is 5407 a composite number?
False
Is 384571 a prime number?
False
Is 307315 prime?
False
Is 17231 a prime number?
True
Is 11273 a prime number?
True
Is 54127 a prime number?
False
Is 90161 a composite number?
True
Is 489101 a prime number?
True
Is 739001 prime?
False
Is 787 a prime number?
True
Is 413111 prime?
True
Is 216803 prime?
True
Is 164899 a composite number?
True
Is 141879 prime?
False
Is 124489 a prime number?
True
Is 36731 a prime number?
False
Is 65159 a prime number?
False
Is 39367 composite?
False
Is 21377 composite?
False
Is 42629 composite?
True
Is 839009 a prime number?
True
Is 4187 a prime number?
False
Is 13859 a composite number?
False
Is 7393 a composite number?
False
Is 182811 composite?
True
Is 8259 a prime number?
False
Is 41857 a composite number?
True
Is 383027 a prime number?
False
Is 28019 prime?
True
Is 289559 a prime number?
True
Is 1361 composite?
False
Is 4861 composite?
False
Is 60797 composite?
True
Is 910483 a composite number?
True
Is 5261 a composite number?
False
Is 2041849 a prime number?
True
Is 6187 a composite number?
True
Is 1073333 a composite number?
True
Is 2859 a prime number?
False
Is 21635 prime?
False
Is 345133 a prime number?
True
Is 396157 composite?
False
Is 8257 prime?
False
Is 172621 a composite number?
True
Is 110073 a prime number?
False
Is 7909 a prime number?
False
Is 4661 a prime number?
False
Is 255639 composite?
True
Is 1025785 prime?
False
Is 13517 composite?
True
Is 107021 prime?
True
Is 3251 a composite number?
False
Is 59141 a prime number?
True
Is 143443 a composite number?
False
Is 16559 a prime number?
False
Is 40805 a prime number?
False
Is 115807 prime?
True
Is 3637 prime?
True
Is 8005 prime?
False
Is 11197 a composite number?
False
Is 1612159 prime?
False
Is 524833 a composite number?
True
Is 19174 composite?
True
Is 30577 prime?
True
Is 26905 a prime number?
False
Is 2453954 prime?
False
Is 2828491 composite?
False
Is 1841201 a composite number?
False
Is 363619 a composite number?
False
Is 2437 prime?
True
Is 453119 a composite number?
False
Is 55579 composite?
False
Is 6598 a prime number?
False
Is 931111 composite?
True
Is 315371 composite?
True
Is 40873 a prime number?
False
Is 511091 a prime number?
False
Is 77821 composite?
True
Is 13649 prime?
True
Is 169985 a composite number?
True
Is 12247 a prime number?
False
Is 84703 prime?
False
Is 7591 a composite number?
False
Is 26377 prime?
False
Is 474029 a composite number?
False
Is 37039 prime?
True
Is 32869 prime?
True
Is 97841 composite?
False
Is 140629 a composite number?
False
Is 600559 a composite number?
True
Is 107441 a prime number?
True
Is 97987 a composite number?
False
Is 2389 prime?
True
Is 52081 a prime number?
True
Is 1925191 a prime number?
True
Is 6362 composite?
True
Is 405419 a composite number?
True
Is 259258 composite?
True
Is 1409 a composite number?
False
Is 43939 prime?
False
Is 8885 a composite number?
True
Is 65287 prime?
True
Is 4417 a prime number?
False
Is 194591 a prime number?
True
Is 28687 composite?
False
Is 586553 a prime number?
False
Is 75937 a composite number?
False
Is 2307 composite?
True
Is 110017 prime?
True
Is 303529 prime?
True
Is 1989605 prime?
False
Is 10799 a prime number?
True
Is 6499 prime?
False
Is 32887 a prime number?
True
Is 35609 a prime number?
False
Is 90971 prime?
True
Is 74963 composite?
True
Is 9601 composite?
False
Is 6639 composite?
True
Is 4861 a composite number?
False
Is 7121 a composite number?
False
Is 4327 composite?
False
Is 745727 composite?
False
Is 615085 a composite number?
True
Is 41467 composite?
False
Is 1538 a prime number?
False
Is 172513 prime?
False
Is 20885 a composite number?
True
Is 1685971 a composite number?
True
Is 9091 a composite number?
False
Is 40547 prime?
False
Is 41009 prime?
False
Is 422741 prime?
False
Is 159 composite?
True
Is 5623 a prime number?
True
Is 36317 composite?
True
Is 7834 a prime number?
False
Is 72817 composite?
False
Is 71035 a prime number?
False
Is 471005 a composite number?
True
Is 11015 prime?
False
Is 36827 a prime number?
False
Is 80849 composite?
False
Is 1031 a composite number?
False
Is 571903 prime?
True
Is 61861 a prime number?
True
Is 2682533 composite?
True
Is 17231 prime?
True
Is 8513 composite?
False
Is 16921 composite?
False
Is 130927 prime?
True
Is 34721 a prime number?
True
Is 451 a composite number?
True
Is 390851 a composite number?
False
Is 1348267 composite?
True
Is 11279 composite?
False
Is 2713043 a composite number?
False
Is 4106 prime?
False
Is 69653 a composite number?
False
Is 15959 a composite number?
False
Is 2503 a prime number?
True
Is 335821 a composite number?
False
Is 1094759 a prime number?
True
Is 45817 composite?
False
Is 16183 composite?
False
Is 28961 a prime number?
True
Is 30059 prime?
True
Is 264967 prime?
False
Is 197861 composite?
True
Is 293 composite?
False
Is 20329 prime?
False
Is 444241 a composite number?
True
Is 1363 a prime number?
False
Is 60373 composite?
False
Is 156763 composite?
True
Is 289987 composite?
False
Is 291791 a prime number?
True
Is 20849 composite?
False
Is 287103 a prime number?
False
Is 45007 prime?
True
Is 8129 composite?
True
Is 100691 a composite number?
True
Is 10289 composite?
False
Is 2681 composite?
True
Is 54427 a composite number?
True
Is 2153 composite?
False
Is 1561 prime?
False
Is 803 prime?
False
Is 4811 a prime number?
False
Is 4667 prime?
False
Is 3845 prime?
False
Is 51341 composite?
False
Is 308347 composite?
True
Is 18817 composite?
True
Is 964789 a prime number?
False
Is 645717 prime?
False
Is 14302 a composite number?
True
Is 46666 a prime number?
False
Is 116353 a composite number?
True
Is 100007 composite?
True
Is 1517 prime?
False
Is 94201 composite?
False
Is 725041 composite?
False
Is 1688531 a composite number?
True
Is 3743 prime?
False
Is 4327 prime?
True
Is 662581 a composite number?
True
Is 138727 a prime number?
True
Is 143093 composite?
False
Is 193735 a prime number?
False
Is 5557 prime?
True
Is 11513 a prime number?
False
Is 547394 prime?
False
Is 147207 a composite number?
True
Is 2953 a composite number?
False
Is 4819 a prime number?
False
Is 1361 composite?
False
Is 1284679 a composite number?
True
Is 8589917 prime?
False
Is 121787 composite?
False
Is 1397 a composite number?
True
Is 316391 a composite number?
False
Is 840269 composite?
False
Is 13577 composite?
False
Is 10913 prime?
False
Is 216491 a composite number?
True
Is 21467 a composite number?
False
Is 100437 a composite number?
True
Is 283463 prime?
True
Is 2941 composite?
True
Is 16811 composite?
False
Is 14923 a prime number?
True
Is 767663 prime?
False
Is 5435 a prime number?
False
Is 319 composite?
True
Is 16127 a composite number?
False
Is 17023 composite?
True
Is 3542127 prime?
False
Is 2271 a composite number?
True
Is 1287203 composite?
True
Is 4267 a prime number?
False
Is 1257 prime?
False
Is 224773 composite?
True
Is 1461 prime?
False
Is 81497 prime?
False
Is 60589 a prime number?
True
Is 733 a composite number?
False
Is 59771 a composite number?
False
Is 52361 prime?
True
Is 51031 prime?
True
Is 970169 prime?
False
Is 17159 composite?
False
Is 1529741 a composite number?
False
Is 26007 a prime number?
False
Is 546043 a composite number?
True
Is 134597 prime?
True
Is 161905 prime?
False
Is 58177 a prime number?
False
Is 484019 a composite number?
False
Is 16183 a composite number?
False
Is 16661 prime?
True
Is 149393 a prime number?
True
Is 223361 a composite number?
False
Is 61763 a composite number?
True
Is 127349 prime?
False
Is 361843 composite?
False
Is 329503 composite?
False
Is 26183 a prime number?
True
Is 34807 prime?
True
Is 19241 a prime number?
False
Is 4871 prime?
True
Is 3959 composite?
True
Is 381149 a prime number?
False
Is 1918885 prime?
False
Is 107443 composite?
Tru